{"id":188,"date":"2014-04-22T22:19:37","date_gmt":"2014-04-22T20:19:37","guid":{"rendered":"http:\/\/rootbb.de\/feuerwehr\/wordpress\/?page_id=188"},"modified":"2014-08-21T09:26:33","modified_gmt":"2014-08-21T07:26:33","slug":"beladeliste","status":"publish","type":"page","link":"https:\/\/www.kasendorf112.de\/?page_id=188","title":{"rendered":"Beladung"},"content":{"rendered":"<p><em>Kabine:<\/em><\/p>\n<ul>\n<li>Funkger\u00e4t 4m Festeinbau<\/li>\n<li>3 Handfunkger\u00e4te 2m<\/li>\n<li>Funktionsweste Gruppenf\u00fchrer<\/li>\n<li>Winkerkelle<\/li>\n<li>Verbandkasten<\/li>\n<li>3 Warnwesten<\/li>\n<li>2 Satz Kolonnenfahnen<\/li>\n<li>Einsatzunterlagen<\/li>\n<li>Getr\u00e4nke<\/li>\n<\/ul>\n<p><em>G1:<\/em><\/p>\n<ul>\n<li>Faltbeh\u00e4lter offen 4000l<\/li>\n<li>Faltbeh\u00e4lter geschlossen 5000l<\/li>\n<li>\u00dcberg\u00e4nge f\u00fcr Schwemmf\u00e4sser<\/li>\n<li>10 Druckschl\u00e4uche B 20m<\/li>\n<li>2 Druckschl\u00e4uche C 15m<\/li>\n<li>10 Schlauchhalter<\/li>\n<li>8 Schlauchbr\u00fccken<\/li>\n<li>10 Schlauchreparaturb\u00e4nder<\/li>\n<li>3 Handscheinwerfer<\/li>\n<li>2 Blitzlampen<\/li>\n<li>2 Winkerkellen<\/li>\n<li>2 Warndreiecke<\/li>\n<li>Arbeitsscheinwerfer<\/li>\n<li>Bolzenschneider<\/li>\n<li>Bordwerkzeug<\/li>\n<li>Wagenheber<\/li>\n<li>Starthilfekabel<\/li>\n<li>Abschleppseil<\/li>\n<li>6 Zurrgurte 2to<\/li>\n<\/ul>\n<p><em>G2:<\/em><\/p>\n<ul>\n<li>Tragkraftspritze TS8\/8<\/li>\n<li>6 Saugschl\u00e4uche A<\/li>\n<li>Sammelst\u00fcck A-2B<\/li>\n<li>Saugkorb A<\/li>\n<li>Saugschutzkorb<\/li>\n<li>Standrohr 2B<\/li>\n<li>2 Verteiler B-CBC<\/li>\n<li>2 Kugelh\u00e4hne B<\/li>\n<li>2 Druckbegrenzungsventile<\/li>\n<li>Reduzierung A-B<\/li>\n<li>Reduzierung B-C<\/li>\n<li>5 Kupplungsschl\u00fcssel<\/li>\n<li>2 Druckschl\u00e4uche B 5m<\/li>\n<li>3 Druckschl\u00e4uche C 15m<\/li>\n<li>Unterflurhydrantenschl\u00fcssel<\/li>\n<li>\u00dcberflurhydrantenschl\u00fcssel<\/li>\n<li>Mehrzweckstrahlrohr B<\/li>\n<li>2 Mehrzweckstrahlrohre C<\/li>\n<li>Gest\u00e4nge zu Faltbeh\u00e4lter offen<\/li>\n<li>Pulverl\u00f6scher 12kg ABC-Pulver<\/li>\n<li>2 Feuerwehrarbeitsleinen<\/li>\n<li>Faltsignal 600mm<\/li>\n<li>3 Faltsignale 900mm<\/li>\n<li>3 Blitzlampen f. Faltsignale<\/li>\n<li>3\u00a0Blitzlampen f. Verkehrsleitkegel<\/li>\n<li>Div. Heckwarnschilder reflektierdend<\/li>\n<li>Abschleppstange LKW<\/li>\n<li>Abgasschlauch<\/li>\n<li>Pickel<\/li>\n<\/ul>\n<p><em>Pritsche:<\/em><\/p>\n<ul>\n<li>100 Druckschl\u00e4uche B 20m<br \/>\nin K\u00e4sten, gebuchtet, gekuppelt<\/li>\n<li>Schlauchleitungsmarkierung<\/li>\n<li>11 Verkehrsleitkegel 800mm<\/li>\n<li>2 Streuw\u00e4gen<\/li>\n<li>4 Sack \u00d6lbinder<\/li>\n<li>4 Sack \u00d6lbinder schwimmf\u00e4hig<\/li>\n<li>Div. Besen<\/li>\n<li>Div. Schaufeln<\/li>\n<li>Div. \u00c4xte<\/li>\n<li>Brechstange<\/li>\n<li>B\u00fcgels\u00e4ge<\/li>\n<li>Spaten<\/li>\n<\/ul>\n<p><em>Traversen:<\/em><\/p>\n<ul>\n<li>2 Kanister Diesel<\/li>\n<li>2 Kanister Gemisch 1:50<\/li>\n<li>2 Unterlegkeile<\/li>\n<\/ul>\n<p><em>Optionale Belademodule:<\/em><\/p>\n<ul>\n<li>Wassertransport 5000l<\/li>\n<li>Schmutzwasserpumpe &#8222;Chiemsee&#8220;<\/li>\n<li>Wassersauger<\/li>\n<li>Streusalz<\/li>\n<li>Schneekettensatz<\/li>\n<\/ul>\n<p>&gt;&gt; <a title=\"SW 2000-Tr\" href=\"https:\/\/www.kasendorf112.de\/?page_id=100\">\u00dcbersicht<\/a><br \/>\n&gt;&gt; <a title=\"Fotos SW 2000-Tr\" href=\"https:\/\/www.kasendorf112.de\/?page_id=234\">Fotos<\/a><\/p>\n","protected":false},"excerpt":{"rendered":"<p>Kabine: Funkger\u00e4t 4m Festeinbau 3 Handfunkger\u00e4te 2m Funktionsweste Gruppenf\u00fchrer Winkerkelle Verbandkasten 3 Warnwesten 2 Satz Kolonnenfahnen Einsatzunterlagen Getr\u00e4nke G1: Faltbeh\u00e4lter offen 4000l Faltbeh\u00e4lter geschlossen 5000l \u00dcberg\u00e4nge f\u00fcr Schwemmf\u00e4sser 10 Druckschl\u00e4uche B 20m 2 Druckschl\u00e4uche C 15m 10 Schlauchhalter 8 Schlauchbr\u00fccken 10 Schlauchreparaturb\u00e4nder 3 Handscheinwerfer 2 Blitzlampen 2 Winkerkellen 2 Warndreiecke Arbeitsscheinwerfer Bolzenschneider Bordwerkzeug Wagenheber Starthilfekabel &hellip; <a href=\"https:\/\/www.kasendorf112.de\/?page_id=188\" class=\"more-link\"><span class=\"screen-reader-text\">Beladung<\/span> weiterlesen <span class=\"meta-nav\">&rarr;<\/span><\/a><\/p>\n","protected":false},"author":5,"featured_media":0,"parent":100,"menu_order":2,"comment_status":"closed","ping_status":"closed","template":"","meta":{"footnotes":""},"class_list":["post-188","page","type-page","status-publish","hentry"],"_links":{"self":[{"href":"https:\/\/www.kasendorf112.de\/index.php?rest_route=\/wp\/v2\/pages\/188","targetHints":{"allow":["GET"]}}],"collection":[{"href":"https:\/\/www.kasendorf112.de\/index.php?rest_route=\/wp\/v2\/pages"}],"about":[{"href":"https:\/\/www.kasendorf112.de\/index.php?rest_route=\/wp\/v2\/types\/page"}],"author":[{"embeddable":true,"href":"https:\/\/www.kasendorf112.de\/index.php?rest_route=\/wp\/v2\/users\/5"}],"replies":[{"embeddable":true,"href":"https:\/\/www.kasendorf112.de\/index.php?rest_route=%2Fwp%2Fv2%2Fcomments&post=188"}],"version-history":[{"count":14,"href":"https:\/\/www.kasendorf112.de\/index.php?rest_route=\/wp\/v2\/pages\/188\/revisions"}],"predecessor-version":[{"id":310,"href":"https:\/\/www.kasendorf112.de\/index.php?rest_route=\/wp\/v2\/pages\/188\/revisions\/310"}],"up":[{"embeddable":true,"href":"https:\/\/www.kasendorf112.de\/index.php?rest_route=\/wp\/v2\/pages\/100"}],"wp:attachment":[{"href":"https:\/\/www.kasendorf112.de\/index.php?rest_route=%2Fwp%2Fv2%2Fmedia&parent=188"}],"curies":[{"name":"wp","href":"https:\/\/api.w.org\/{rel}","templated":true}]}}