{"id":118,"date":"2014-03-15T17:13:57","date_gmt":"2014-03-15T15:13:57","guid":{"rendered":"http:\/\/rootbb.de\/feuerwehr\/wordpress\/?page_id=118"},"modified":"2026-03-19T00:11:10","modified_gmt":"2026-03-18T22:11:10","slug":"wehrfuehrung","status":"publish","type":"page","link":"https:\/\/www.kasendorf112.de\/?page_id=118","title":{"rendered":"Die Feuerwehr"},"content":{"rendered":"<p>Die aktive Abteilung der Kasendorfer Feuerwehr bekleidet die Pflichtaufgaben der Feuerwehr als kommunale Institution und mehr. Dazu geh\u00f6ren unter anderem abwehrender und vorbeugender Brandschutz, Menschen- und Tierrettung aus Zwangslagen, Schutz und Bergung von bedeutenden Sachwerten.<\/p>\n<p>Wir z\u00e4hlen aktuell 36\u00a0Mitglieder, davon 12 Atemschutzger\u00e4tetr\u00e4ger, wiederum davon 8 CSF-Tr\u00e4ger. Alle Mitglieder sind auch zur Hilfeleistung sowie zur Wasserf\u00f6rderung \u00fcber lange Strecken ausgebildet.<\/p>\n<p><span style=\"text-decoration: underline;\">Kommandant:<\/span>\u00a0Michael Gro\u00df<br \/>\n<span style=\"text-decoration: underline;\">Stellvertreter:<\/span> Scott Hofmann-Lenker<\/p>\n<p>Die Feuerwehr erh\u00e4lt personell und organisatorisch Unterst\u00fctzung durch den\u00a0<strong><a title=\"Feuerwehrverein\" href=\"http:\/\/rootbb.de\/feuerwehr\/wordpress\/?page_id=121\">Feuerwehrverein<\/a><\/strong>.<\/p>\n<p>Jugendliche k\u00f6nnen der\u00a0<strong><a title=\"Jugendfeuerwehr\" href=\"http:\/\/rootbb.de\/feuerwehr\/wordpress\/?page_id=149\">Jugendfeuerwehr<\/a>\u00a0<\/strong>beitreten. Dort werden sie altersgerecht auf den Feuerwehrdienst vorbereitet.<\/p>\n<p>Untergebracht sind Fahrzeuge und Ausstattung im Feuerwehrger\u00e4tehaus in der Kirchstra\u00dfe 40 in\u00a0Kasendorf. uns stehen im Erdgeschoss eine Fahrzeughalle mit 2 Stellpl\u00e4tzen,\u00a0Werkstatt\u00a0sowie Spinden f\u00fcr die Schutzkleidung\u00a0zur Verf\u00fcgung.\u00a0Im Obergeschoss befinden sich K\u00fcche, Schulungs- und Lagerr\u00e4ume.<\/p>\n<p>Wir bilden zusammen mit den Feuerwehren Azendorf, Schirradorf und Peesten den \u00a0 \u00a0 \u00a0 \u00a0 \u00a0 13. L\u00f6schzug des Landkreises Kulmbach.<\/p>\n","protected":false},"excerpt":{"rendered":"<p>Die aktive Abteilung der Kasendorfer Feuerwehr bekleidet die Pflichtaufgaben der Feuerwehr als kommunale Institution und mehr. Dazu geh\u00f6ren unter anderem abwehrender und vorbeugender Brandschutz, Menschen- und Tierrettung aus Zwangslagen, Schutz und Bergung von bedeutenden Sachwerten. Wir z\u00e4hlen aktuell 36\u00a0Mitglieder, davon 12 Atemschutzger\u00e4tetr\u00e4ger, wiederum davon 8 CSF-Tr\u00e4ger. Alle Mitglieder sind auch zur Hilfeleistung sowie zur Wasserf\u00f6rderung &hellip; <a href=\"https:\/\/www.kasendorf112.de\/?page_id=118\" class=\"more-link\"><span class=\"screen-reader-text\">Die Feuerwehr<\/span> weiterlesen <span class=\"meta-nav\">&rarr;<\/span><\/a><\/p>\n","protected":false},"author":5,"featured_media":0,"parent":0,"menu_order":0,"comment_status":"closed","ping_status":"closed","template":"","meta":{"footnotes":""},"class_list":["post-118","page","type-page","status-publish","hentry"],"_links":{"self":[{"href":"https:\/\/www.kasendorf112.de\/index.php?rest_route=\/wp\/v2\/pages\/118","targetHints":{"allow":["GET"]}}],"collection":[{"href":"https:\/\/www.kasendorf112.de\/index.php?rest_route=\/wp\/v2\/pages"}],"about":[{"href":"https:\/\/www.kasendorf112.de\/index.php?rest_route=\/wp\/v2\/types\/page"}],"author":[{"embeddable":true,"href":"https:\/\/www.kasendorf112.de\/index.php?rest_route=\/wp\/v2\/users\/5"}],"replies":[{"embeddable":true,"href":"https:\/\/www.kasendorf112.de\/index.php?rest_route=%2Fwp%2Fv2%2Fcomments&post=118"}],"version-history":[{"count":16,"href":"https:\/\/www.kasendorf112.de\/index.php?rest_route=\/wp\/v2\/pages\/118\/revisions"}],"predecessor-version":[{"id":67724,"href":"https:\/\/www.kasendorf112.de\/index.php?rest_route=\/wp\/v2\/pages\/118\/revisions\/67724"}],"wp:attachment":[{"href":"https:\/\/www.kasendorf112.de\/index.php?rest_route=%2Fwp%2Fv2%2Fmedia&parent=118"}],"curies":[{"name":"wp","href":"https:\/\/api.w.org\/{rel}","templated":true}]}}